e 4/14 + 60/35. Suppose -j - 48 = -5*t, 2*j + y*j + 12 = 2*t. Is (262/4)/(5/t) a prime number?
True
Is ((-3)/(-2)*2)/(1986/13288988) a composite number?
True
Let b = 6228 + -371. Suppose -4*i + 9421 = -5*o, 0*i + 5*i - 11804 = -3*o. Suppose 6*n = -i + b. Is n a prime number?
False
Suppose 15*k - 20*k = 3335. Let c = -326 - k. Is c a prime number?
False
Let j(p) = 87*p + 11. Suppose 0 = q + 5*q - 36. Is j(q) prime?
False
Let x be (-5 - 0)/((-1)/2). Suppose d + x = -4*d. Is -19*d/4*2 a prime number?
True
Is (778/6)/(-1*11/(-33)) prime?
True
Suppose -4*k - 72 = -5*r + 107, -3*r = 15. Is (-10437)/(-4) - (-4 + k/(-12)) a prime number?
True
Let q be (-20277)/(-15) - (-5)/25. Suppose 0 = -2*g - 5*w + 2725, -3*g - w - q = -4*g. Is g prime?
False
Let h(f) = -f + 5. Let v be h(0). Suppose v*g - 21 = -4*y - 3, 0 = -5*y - g + 12. Suppose -2*b - y*b = -1916. Is b a composite number?
False
Suppose -2*j + 22847 + 28827 = 0. Is j a composite number?
True
Let h = 51442 - -38851. Is h a composite number?
True
Is (-5)/4 - 1215279/(-156) a composite number?
False
Let b(l) = 15*l + 15*l + 10*l**3 + 15 - 10*l - 11*l**3 - 13*l**2. Is b(-19) a composite number?
False
Let r = -10088 - -14985. Is r a prime number?
False
Suppose 64 = 4*n + 3*f, -4*n + 3*f + 40 = -0*n. Let c = 17 - n. Suppose c*l - 3*q - 321 = 154, -q = -5*l + 602. Is l composite?
True
Let k(p) = 82*p**2 + 5*p - 25. Is k(-14) a composite number?
True
Suppose 17*o + 6893 = 33804. Is o a prime number?
True
Suppose 5*d - 90 = -5*l, 20 = 4*l + 2*d - 54. Is l prime?
True
Let g = -16 + 37. Suppose -3*f + 1056 - g = 0. Suppose -5*z + 5*s + f = 0, 4*s - 5*s + 266 = 4*z. Is z composite?
False
Let o(v) = v**3 + 16*v**2 + 21*v - 1. Let u = 106 - 118. Is o(u) a prime number?
False
Let n(i) = 286*i**2 - 6*i + 5. Let k be n(4). Let s = -2650 + k. Is s composite?
False
Let o(f) = 147*f + 2. Let h be (27 - -1)/(8/8). Suppose -6 + h = 4*n - 2*u, u + 8 = n. Is o(n) a prime number?
True
Let p = 161 + -95. Suppose p = 9*i - 7*i. Suppose i = 2*h - 77. Is h prime?
False
Let u be (-5003)/11 - (-6)/(-33). Let q = u - -666. Is q a composite number?
False
Let r = -80 + 80. Suppose h = -r*h + 303. Is h prime?
False
Let v(s) = 2*s - 4. Let m be v(4). Let y(p) = 9*p - m + 9 - 8. Is y(10) composite?
True
Let d be (-8)/(-2) + -2 + 0. Suppose d*w - f = 3*f + 20, -2*f = -2. Suppose -w = -2*b + 10. Is b a prime number?
True
Let m = 7761 + -4832. Suppose -6*p - m - 1355 = 0. Let g = -503 - p. Is g composite?
False
Let f be 6/(-33) + 4/22. Suppose -p - 3*a = a + 4, a + 1 = f. Is (p + -1)/(2/(-166)) a prime number?
True
Suppose 166350 = 15*i + 41055. Is i a composite number?
False
Let o be 3/(18/31092) + 5. Let y be ((-9)/(-6))/(2/12). Is o/6 - y/6 a prime number?
True
Suppose -2*d = 5 - 13. Suppose -d*r - 4*x = -1484, -5*r - 2*x + 1875 = -7*x. Is r a prime number?
True
Let o(j) = 7280*j - 187. Is o(10) a prime number?
True
Let y(d) = -6670*d - 937. Is y(-12) a composite number?
False
Is -2 - 16/(-9) - (-8872657)/639 a composite number?
True
Let q(z) = z**3 - 13*z - 3. Let k be q(4). Let a(s) = 51*s - 16. Is a(k) a composite number?
False
Suppose 2499942 - 8848716 = -114*v. Is v prime?
True
Suppose 13578 = 16*n - 60070. Is n a prime number?
True
Let n = 15705 + -400. Is n a prime number?
False
Let x(i) = -i**3 + 21*i**2 - 5*i - 2. Is x(17) composite?
False
Let i(u) = u**2 - 15*u + 2. Let n be i(15). Suppose -30 = -5*b + 5*q, -3*q - q = n*b - 36. Let j(h) = h**3 + 3*h**2 + 6*h + 1. Is j(b) a composite number?
False
Let z = 15754 - 2217. Is z prime?
True
Let d(l) = -10461*l + 404. Is d(-21) a prime number?
False
Let g = 3 - 1. Suppose -3*x + 15 = 0, -4*d + 1066 = -0*x + g*x. Suppose 53 = s - d. Is s a composite number?
False
Let f = 25 - 12. Suppose 0 = -4*v + f + 7. Suppose 882 = 6*u - 2*u + v*k, -1123 = -5*u + 4*k. Is u a composite number?
False
Let d = -574 - -315. Let m = 594 + d. Is m prime?
False
Suppose 5*h - 7149 + 23399 = 3*y, 2*y - 10808 = -3*h. Suppose -10*l + 8*l = -y. Is l prime?
False
Let p be 2/5 - (-355642)/70. Suppose 1836 = 2*a - 2*v, 5*a - p = 3*v - 493. Is a composite?
True
Let d(y) = 4*y**2 + y. Let x be d(1). Let z(m) = -23 - 74*m + 22*m + x. Is z(-8) a prime number?
False
Let z(u) = -34*u - 1. Let j = 2 + 10. Suppose -3*o = 27 - j. Is z(o) a prime number?
False
Let r(d) = -6*d**2 + 2*d. Let u be r(1). Let k = 12 + u. Suppose -4*n = -4*b + 3804, -b = -4*n + k*n - 971. Is b composite?
True
Let t = -1443 + 4012. Is t composite?
True
Is (6 - ((-90)/(-12) + -2))*102514 a prime number?
True
Suppose 5*f + 10 = 3*f, 1991 = 2*n - f. Let a = 190 - 876. Let m = n + a. Is m composite?
False
Is (2/(-8))/(40/(-865120)) prime?
True
Let f = 0 - -11. Let r = f + -8. Is -1*(r + 0) - -13 a prime number?
False
Let g(i) = 4*i - 35. Let r be g(8). Is 17409/14 - (r + 7/2) prime?
False
Let l be (1 + 3)/(6/(-39)). Is 12/(-78) - 4242/l prime?
True
Let z(c) be the third derivative of 3*c**5/10 + 17*c**4/24 - 13*c**3/6 + 8*c**2. Is z(-8) composite?
True
Let c be (-6744)/36*(-9)/2. Suppose 0 = -4*k + c + 5065. Is k a composite number?
True
Let i = 17638 - 8547. Is i prime?
True
Let z = -23 - -39. Let i = z - 18. Is 428*(i + 11/4) prime?
False
Let s(x) = -x**2 + 2*x + 31. Suppose 36 = 5*t + 11. Suppose -t*z = -z. Is s(z) a prime number?
True
Let i(n) = 31*n + 13. Let g be i(9). Let a = 150 - g. Let m = 221 + a. Is m prime?
True
Let y(b) = 9*b**2 + 5*b - 13. Let c(p) = -p**2 + p + 1. Let x(j) = -3*c(j) - y(j). Let m be x(-7). Let z = -107 - m. Is z prime?
False
Let o be 5/(-10) - (-1)/2. Suppose 4*r - 533 = r + 4*x, 2*r - x - 357 = o. Is r prime?
True
Let f(i) = -1273*i - 31. Let v be f(-6). Suppose -v + 2700 = -7*t. Is t prime?
True
Let s(b) = -5*b - 3. Let j be s(-7). Suppose i + 0 = j. Suppose i = w - 3*z, -z = -2*w + 4*z + 61. Is w prime?
True
Let s(k) = -k**2 + 9*k + 1. Let x be s(7). Suppose u + 11 + 9 = 5*z, -2*u + x = z. Suppose 112 = z*f - 523. Is f a prime number?
True
Let k(x) be the second derivative of 443*x**5/20 - x**3/6 + x**2/2 - x. Is k(1) composite?
False
Suppose 5*m = 4*t - 1725 + 40, 0 = -2*t + m + 835. Let b be 0 + (-8)/10 + 8/10. Suppose -6*n + n + t = b. Is n a prime number?
True
Let n(j) = -29*j + 2. Let c be n(17). Suppose -q = -2*v + 4*q - 689, -5*v = -4*q + 1714. Let d = v - c. Is d a composite number?
False
Let d = 3 - 3. Suppose 0 = 5*g + k - 7, 9 + d = 3*g - k. Suppose g*z - 225 = 181. Is z prime?
False
Let p = -2056 + 4239. Is p a composite number?
True
Let g = 118 + -133. Is (-1)/(-3) - ((-101500)/g)/(-10) composite?
False
Let y(z) = -z - 13*z**2 + 373 + z + 12*z**2. Let p = 3 + -3. Is y(p) composite?
False
Suppose 0*q - 2*q + 3*v - 27 = 0, -21 = q - 4*v. Let x be 1 + 2 - (q + 8). Suppose -x*u + 224 + 132 = 0. Is u prime?
True
Suppose 0*p - p = 0. Let m be (-1)/((-4 + 6)/(-6)). Suppose p = -m*g + 4*d + 29, 2*g - 5*d - 12 = 19. Is g a composite number?
False
Let l(t) = 2*t**3 - 11*t**2 + 5*t + 5. Let y(c) = -5*c + 1. Let h be y(-1). Suppose h*a - a = 5, -4*s - 3*a + 31 = 0. Is l(s) a prime number?
False
Let r = 563 + -899. Let l = 2 - -1. Is l + 5/((-15)/r) composite?
True
Let p(d) = 91*d**2 - 2*d - 1. Let z be p(5). Let n = z - 1545. Is n prime?
True
Let f(i) = -i**2 + i + 350. Let z be f(0). Suppose -z + 1315 = -q. Let n = -658 - q. Is n prime?
True
Let v(o) = -111*o + 4. Is v(-10) a prime number?
False
Suppose 10*n - 25 = 5*n. Suppose 2398 + 7237 = n*f. Is f a prime number?
False
Let i(v) = 5*v - 2. Let p be i(1). Let k = 4 + 4. Let d = p + k. Is d prime?
True
Let o(q) = -144*q + 1. Let d be o(-1). Let b = d + 117. Let u = b + 525. Is u composite?
False
Let v(r) = 2*r**2 + 8*r + 4. Let z be v(-6). Let w = 46 + -42. Is 2/w + 2702/z a prime number?
True
Let m(s) = -6*s**3 + 2*s**2 + 8*s - 1. Let p(q) = 7*q**3 - 3*q**2 - 8*q. Let w(c) = 5*m(c) + 4*p(c). Is w(-6) prime?
True
Let h(z) = -z**2 - z + 31561. Is h(0) prime?
False
Let o(d) = -7*d**3 - 2*d - 2. Suppose -16 = b - 5*b. Suppose 2*p - b = 4*k, 0 = 3*k + 3 + 3. Is o(p) prime?
False
Is ((-139)/2 - 0)/(287/(-6314)) prime?
False
Let g(a) = -a**3 - 10*a**2 + 139*a - 25. Is g(-26) prime?
True
Let z(k) = -91*k + 35. Let w be z(-4). Suppose -5*s + w = -1271. Is s a prime number?
False
Suppose -2*y + 6 = 2. Suppose 3*p + y*p = 1030. Is p a composite number?
True
Let o